 + 3*o - 568 - 192, 0 = -5*o. List the prime factors of f.
2, 5, 19
What are the prime factors of 524/6 - (-8)/(-24)?
3, 29
Suppose 25 + 39 = -4*r + 4*p, 2*r + 2*p + 16 = 0. Let v(y) = -y**2 - 13*y - 5. What are the prime factors of v(r)?
7
Let z be ((-5)/20)/(3/(-36)). Suppose 222 = -0*s + z*s. List the prime factors of s.
2, 37
Let a = 30 - 28. Let f(u) = 2*u**2 - 4*u + 2. Let o be f(2). Suppose a*z + 2*l = 5*z - 48, 2*z + o*l - 42 = 0. List the prime factors of z.
2, 3
Let r(i) = -6*i**3 + i - 1. Let x = -4 + 2. List the prime factors of r(x).
3, 5
Let l(x) = x. Let t be l(4). Suppose 4*d = 5*h, 3*h - 2*d = -3*d. Suppose h = 3*u - 3*b - 141, 7*u - 146 = 4*u + t*b. List the prime factors of u.
2, 3, 7
Let c = -267 - -591. What are the prime factors of c?
2, 3
Suppose 0 = -36*j + j + 35560. What are the prime factors of j?
2, 127
Let n(b) = 0*b**2 - 5*b + 20 + 17 - 41 + 8*b**2. What are the prime factors of n(5)?
3, 19
Suppose -3*c + 5*r = -4*c + 2, 2*r - 6 = -3*c. Suppose c*s + 46 = 2*t, 3*t = 8 + 4. Let u = 27 + s. What are the prime factors of u?
2
Suppose -2*m - 90 - 66 = 0. Let i = m - -126. What are the prime factors of i?
2, 3
Suppose -t - 3*w + 13 + 9 = 0, -3*w = -4*t + 73. What are the prime factors of t?
19
Suppose -4*f + 547 = -509. What are the prime factors of f?
2, 3, 11
Let x(d) = -d**3 - 17*d**2 - 16*d + 15. Let s be x(-16). Suppose -s*q = -3*q - 384. What are the prime factors of q?
2
Let a(l) = l**3 + 19*l**2 - 39*l. What are the prime factors of a(-19)?
3, 13, 19
Let i = -31 - -28. Let c be (36/10)/(i/10). List the prime factors of (-40)/6*c/8.
2, 5
Let j(l) = 27*l**2 - 1. Suppose 3*n - 9 = -g - 1, -4*g + 8 = 4*n. Let o be j(g). Let w = o - 10. What are the prime factors of w?
2
Let o = -4 + 8. Let s(n) = -4*n**2 + 10*n - 3. Let v(p) = 5*p**2 - 11*p + 3. Let l(h) = o*s(h) + 3*v(h). What are the prime factors of l(5)?
7
Let w(c) = c**3 + 33*c**2 - 25*c + 42. Let p(j) = 2*j**3 + 65*j**2 - 50*j + 84. Let r(a) = -6*p(a) + 11*w(a). List the prime factors of r(-28).
2, 3, 7
Suppose 0 = 2*n - 0 + 8, -4*j - 5*n + 972 = 0. List the prime factors of j.
2, 31
Suppose 3*a - 2 = 13. Suppose a*h - 834 = -134. List the prime factors of h.
2, 5, 7
List the prime factors of ((-212)/(-159))/((-2)/(-138)).
2, 23
Let m = -120 + 168. Suppose 133 + m = z. What are the prime factors of z?
181
Let w be ((-34)/8)/((-4)/16). Suppose 57 = 2*z + w. Suppose -9 = -u + z. List the prime factors of u.
29
Let d(q) be the first derivative of 6*q**2 - 7*q - 49. Let l(n) = n**3 + 7*n**2 + 4*n - 8. Let x be l(-6). List the prime factors of d(x).
41
Suppose -24*g - 20*g = -87692. What are the prime factors of g?
1993
Let x(r) = 1. Let k(y) = -5*y**2 + y + 4. Let n be k(2). Let f(i) = -2*i + 2. Let h(z) = n*x(z) - 2*f(z). List the prime factors of h(9).
2, 3
Suppose s + 2*s + 6 = 2*x, 3*s = -3*x + 24. Let l be (0 - 9/x)*-2. Suppose 0 = 2*f - l*m - 3, -2 = 2*f - 2*m - 10. What are the prime factors of f?
3
Let s(n) = n**3 + 2*n**2 - 7*n + 6. Let q be s(7). Let t = -153 + q. What are the prime factors of t?
5, 7
Suppose 58 = 2*l + 2*u, -5*l + 3*u + u + 181 = 0. Let y = 67 - l. List the prime factors of y.
2, 17
Let w(k) = -2*k + 5. Let l be w(-5). Let i be 2/(-6) + 50/l. Suppose -i*v = -4 - 11. List the prime factors of v.
5
Let h(d) = -d**2 - 13*d + 17. Let t be h(-14). Let z be 13*(-1)/3*t. Let k = 18 + z. List the prime factors of k.
5
Let f = -2 + 4. Suppose -f = -w + 74. Suppose -v + 32 = -4*n, -4*v - 2*n = -5*n - w. List the prime factors of v.
2
Suppose 12*n = 6*n + 2778. What are the prime factors of n?
463
Let h(a) = 52*a**2 + 7*a - 24. Let j be h(3). Suppose -5*p = -595 - j. List the prime factors of p.
2, 53
Let h(d) = -5*d**2 + 233*d - 76. What are the prime factors of h(34)?
2, 1033
Let i = -978 + 1964. List the prime factors of i.
2, 17, 29
Let m(i) = -i**2 - 5*i - 4. Let l be m(-3). Suppose 0 = -6*z + l*z + 720. List the prime factors of z.
2, 3, 5
Let s = -11 - -14. Suppose 3*q - z = 199, 0 = s*q + 3*z - 61 - 146. What are the prime factors of q?
67
Let c(p) = p**3 - 5*p**2 + 3. Let q be c(5). Suppose 0*g + 45 = -q*g. Let l = g - -19. What are the prime factors of l?
2
Suppose -t + 20 = -0*t. Suppose -s = -5*d - 10 - 17, 4*d = t. Let g = 83 - s. What are the prime factors of g?
31
Let x = 910 - 546. What are the prime factors of x?
2, 7, 13
Let s(p) = p**3 + 8*p**2 - 9*p + 13. Suppose 0*n = -5*x - n + 74, 4*x - 3*n - 44 = 0. Suppose 13 = -3*r - x. List the prime factors of s(r).
13
Let w(s) be the first derivative of 3*s - 1/2*s**2 - 4. What are the prime factors of w(-6)?
3
Let j(g) = g**3 + 44*g**2 + 28*g + 128. List the prime factors of j(-42).
2, 5, 31
Suppose -4*t + 23809 = 5*p, 17*p - 14*p + 5*t - 14288 = 0. What are the prime factors of p?
3, 23
Suppose -10 = -2*r + w + 9, 2*w = 3*r - 27. Let y = r - 15. What are the prime factors of (-3)/(2*y/16)?
2, 3
Let g = 219 + -112. Let p = -62 + g. List the prime factors of p.
3, 5
Let m(o) = -74*o + 15. Let a be m(-5). What are the prime factors of 12/7*a/10?
2, 3, 11
Let b = 54 + -50. Suppose b*a = 16, j + j + 3*a = 226. List the prime factors of j.
107
Let v(j) = j - 4. Let m be v(9). Suppose -97 = m*z - 0*z - q, -8 = z - 4*q. What are the prime factors of (-4)/(-10) - 352/z?
2, 3
Suppose 3*k - 42 = -0*k. Let j = k + 9. List the prime factors of j.
23
Let p = 1969 - 829. List the prime factors of p.
2, 3, 5, 19
Let m be 882/27 + 4/(-6). Suppose -13 = -l + m. Suppose 0 = 7*s - 2*s - l. List the prime factors of s.
3
Let c(f) = 16*f + 183. What are the prime factors of c(22)?
5, 107
List the prime factors of (-20)/190 + 78955/95.
3, 277
Let i(c) be the second derivative of 17*c**3/3 + 45*c**2/2 + 21*c. List the prime factors of i(5).
5, 43
Let i(j) = -j**2 - 12. Let w be i(12). What are the prime factors of (-7044)/w - (-2)/(-13) - -3?
2, 3
Let k(j) = 3*j**2 - 7*j - 1. Suppose 24 + 1 = 5*c. Let u be k(c). Suppose -2*s + u + 33 = 0. What are the prime factors of s?
2, 3
Let l(i) = -i**2 + 9*i - 15. Let h be l(5). Suppose -5*u + 401 + 84 = h*j, u = 5*j + 109. What are the prime factors of u?
3, 11
Let g = -17 + 124. Let m = g - 14. What are the prime factors of m?
3, 31
List the prime factors of (-563796)/(-216) - (-3)/(-18).
2, 3, 5, 29
Let q = -27 - -40. Suppose q*y + 40 = 11*y. List the prime factors of 5/y - (-194)/8.
2, 3
Suppose -9*z = -10835 + 1016. What are the prime factors of z?
1091
Suppose -43 = -4*g + 3*b, g + 8 = -0*g - 3*b. Suppose 2*d = d - g. What are the prime factors of ((-18)/21)/(1/d)?
2, 3
Let q(v) = -118*v - 20 - 120*v + 241*v. List the prime factors of q(17).
31
Suppose 2*u - 4*r = -0 + 22, -4*r = 2*u + 2. Suppose 0 = u*i + x - 586, -i + 4*i + 2*x = 346. List the prime factors of i.
2, 59
Let b = 631 + -70. What are the prime factors of b?
3, 11, 17
Suppose 422 = 2*u + j, 3*u - u + 4*j = 434. List the prime factors of u.
11, 19
Suppose -5*t + 49 = -11. Suppose 16 = -t*m + 13*m. List the prime factors of m.
2
Let j(s) = s - 5. Let z be (-52)/(-6) - (-14)/(-21). Let t be j(z). Suppose 4*f = 4*o + 164, -t*f + 0*f + 135 = 3*o. What are the prime factors of f?
43
Suppose 3*k + 2*d - 7*d = 11257, 0 = 3*k - 3*d - 11247. What are the prime factors of k?
2, 3, 13
Let d(i) = -5*i**3 - 22*i**2 - 23*i - 18. Let o(n) = 4*n**3 + 21*n**2 + 22*n + 18. Let z(q) = -3*d(q) - 4*o(q). What are the prime factors of z(-17)?
2
Let o be 0/(4/(8/6)). Suppose -3*y - 16 = -u, u + 4*y - 10 - 6 = o. What are the prime factors of u?
2
Let x = 9 - -17. List the prime factors of x.
2, 13
Let l(m) = 23*m - 3. Let d(i) = -68*i + 7. Let r(o) = -6*d(o) - 17*l(o). List the prime factors of r(11).
2, 7
Let p = -2 + -3. Let t(y) = 2*y + 12. Let a be t(p). Suppose 4*b - q = 3*b + 25, a*q + 24 = b. List the prime factors of b.
2, 13
Suppose 18*l - 12*l = -2*f + 12614, 3*l = -2*f + 6308. What are the prime factors of l?
2, 1051
Suppose x - 1149 = -4*l, 2*x - 841 = -4*l + 309. Suppose 4*k - l = -3*k. List the prime factors of k.
41
Let p = 517 - 220. List the prime factors of p.
3, 11
Let g(z) = -z**2 - z - 1. Let o(m) be the third derivative of 2*m**5/15 + m**4/8 + 13*m**3/6 + 5*m**2. Let a(p) = 6*g(p) + o(p). List the prime factors of a(5).
2, 3, 7
Let p(d) = -5*d + 20. Suppose 4 = -4*y - 12. Let b(n) = -6*n + 21.